base 12, what is 21 - -17b728?
17b749
In base 13, what is 3 - 51459?
-51456
In base 11, what is -13 + 37a08?
379a5
In base 12, what is 5 - b361?
-b358
In base 3, what is 11100211 + -22?
11100112
In base 2, what is -11010000000011001 - -111?
-11010000000010010
In base 5, what is -310 + 41?
-214
In base 10, what is -38011 - 4?
-38015
In base 10, what is -7037 + -9?
-7046
In base 11, what is -1106 - 21?
-1127
In base 2, what is 1110110101 - -1001101?
10000000010
In base 16, what is 4 + -cb5a?
-cb56
In base 13, what is 523c + -90?
517c
In base 5, what is -40203 + 124?
-40024
In base 13, what is -545 - -85?
-490
In base 4, what is -1 - 3103023001?
-3103023002
In base 8, what is -5 - 71752?
-71757
In base 11, what is 15a544 + -3?
15a541
In base 11, what is 4 - -2953a?
29543
In base 16, what is -18 - -105f?
1047
In base 11, what is 116aa + -12?
11698
In base 4, what is 2 - 120121320?
-120121312
In base 9, what is -5 + -27681?
-27686
In base 16, what is 23451 + -2?
2344f
In base 11, what is 835 - -9?
843
In base 10, what is 33449 - -5?
33454
In base 13, what is -5 + 5c296?
5c291
In base 12, what is -2 + 3063?
3061
In base 3, what is -1 + 2012112002?
2012112001
In base 4, what is -11 + -3323?
-10000
In base 12, what is 1120 - 117?
1005
In base 2, what is -11111 + -1010100101101001?
-1010100110001000
In base 8, what is 34307 - 5?
34302
In base 4, what is 2 + -1212110103?
-1212110101
In base 12, what is 0 - 567b76?
-567b76
In base 16, what is 29d1 + -13?
29be
In base 9, what is 72 - -2165?
2247
In base 16, what is -eed7 + e?
-eec9
In base 10, what is 11479 - 163?
11316
In base 9, what is -5 + 26183?
26177
In base 13, what is 84 + -6c36?
-6b82
In base 8, what is -160071 - 1?
-160072
In base 8, what is 0 + -1437?
-1437
In base 15, what is 262 + 112?
374
In base 12, what is -8 + ba637?
ba62b
In base 3, what is -222101020 + -10?
-222101100
In base 5, what is -1312423 + 144?
-1312224
In base 10, what is -563 + 186?
-377
In base 10, what is 2 + 80787?
80789
In base 11, what is -219 + -346?
-564
In base 15, what is c - -85?
92
In base 9, what is -15 - -6132?
6116
In base 8, what is 51371 + 1?
51372
In base 6, what is 105321 + -3?
105314
In base 4, what is 1 + 2010303223?
2010303230
In base 2, what is -11001 + -10110100000?
-10110111001
In base 7, what is 4416021 + -1?
4416020
In base 14, what is -171a - d0?
-180a
In base 7, what is 2346 - -1206?
3555
In base 13, what is -67715 - -4?
-67711
In base 13, what is 38683 - 0?
38683
In base 5, what is 10 - 3233402?
-3233342
In base 2, what is -1000 - 111001000100?
-111001001100
In base 11, what is 1038 - -109?
1146
In base 8, what is 3 + -1075?
-1072
In base 9, what is -51 - -6165?
6114
In base 9, what is -1204213 + 2?
-1204211
In base 2, what is -101000101000 + 1110100010?
-11010000110
In base 10, what is -5 + 23551?
23546
In base 13, what is 2 - -c08a4?
c08a6
In base 8, what is -27112 + 606?
-26304
In base 6, what is -134 + -2410?
-2544
In base 15, what is -8 - 2136?
-213e
In base 16, what is e02 + 9c?
e9e
In base 9, what is -31 + -6865?
-7006
In base 6, what is -10202 - 213?
-10415
In base 2, what is 101010101001111 - -10001110?
101010111011101
In base 8, what is -7 - 3526?
-3535
In base 16, what is 901 - 56?
8ab
In base 16, what is -5 + -5df7d?
-5df82
In base 9, what is -655726 - 0?
-655726
In base 3, what is 111211 - -12010?
200221
In base 7, what is 0 + -113336?
-113336
In base 4, what is 11 + 230000121?
230000132
In base 7, what is -6 - -1534346?
1534340
In base 4, what is 1 - -2020032?
2020033
In base 11, what is -2 - -1a0a08?
1a0a06
In base 7, what is 523252 + -2?
523250
In base 3, what is -1102202222 + 110?
-1102202112
In base 9, what is 4 + 32411?
32415
In base 16, what is 1 - -1052?
1053
In base 10, what is -5426 - -4?
-5422
In base 10, what is -1386 - 20?
-1406
In base 6, what is 2 + -10205052?
-10205050
In base 2, what is 1101100000010111100111 - 100?
1101100000010111100011
In base 8, what is 1446 - 547?
677
In base 10, what is -3081 - 342?
-3423
In base 12, what is -2 - 2b05?
-2b07
In base 16, what is -3c297a + -3?
-3c297d
In base 8, what is -45570 + -24?
-45614
In base 8, what is 101053 - -1?
101054
In base 8, what is 5 + -5503?
-5476
In base 6, what is -21135 - 5?
-21144
In base 7, what is 1006352 - 4?
1006345
In base 7, what is 4 + -106260?
-106253
In base 3, what is 21022212002 - 2?
21022212000
In base 16, what is -330 + 199b?
166b
In base 5, what is -301104 - -10?
-301044
In base 13, what is -5 + -3800a?
-38012
In base 12, what is 19169 - -19?
19186
In base 6, what is 151 - 133?
14
In base 13, what is -c434 + 1?
-c433
In base 16, what is -d9 - 291d?
-29f6
In base 16, what is b77e2 + -4?
b77de
In base 16, what is 108c2 - 5?
108bd
In base 13, what is -276a + -1?
-276b
In base 9, what is 1315028 + 1?
1315030
In base 13, what is -115c + -1?
-1160
In base 6, what is 14225 + 525?
15154
In base 4, what is -1012 - -313?
-33
In base 13, what is 61 + 194a8?
19539
In base 7, what is -6010345 + 4?
-6010341
In base 13, what is -689 + 1182?
7c6
In base 10, what is 1883 + -2?
1881
In base 6, what is -341331 - -10?
-341321
In base 6, what is -3 + 1455323?
1455320
In base 16, what is -1d8 - -166?
-72
In base 16, what is 125ba + -25?
12595
In base 12, what is 55 - -24aa7?
24b40
In base 7, what is -2 - 24150?
-24152
In base 15, what is d5a - -3?
d5d
In base 10, what is 277048 + -4?
277044
In base 5, what is -103343 - 12?
-103410
In base 12, what is 3b5869 + 0?
3b5869
In base 15, what is 6 - -10ba4?
10baa
In base 13, what is -1cb6 - -184?
-1b32
In base 5, what is 143 + 43224?
43422
In base 10, what is 242 - -954?
1196
In base 8, what is -7 + -325761?
-325770
In base 13, what is 2 + 25006?
25008
In base 9, what is 2 - -54260?
54262
In base 13, what is -b1 - 34?
-115
In base 7, what is 41504 - 24?
41450
In base 8, what is 10313 - -717?
11232
In base 5, what is -4 - 22142402?
-22142411
In base 11, what is a61 - -44?
aa5
In base 15, what is -3 + -c6aa?
-c6ad
In base 4, what is 0 - -301030323?
301030323
In base 16, what is -268a + 12f?
-255b
In base 8, what is -37404 - -1?
-37403
In base 4, what is 130011300 - 2?
130011232
In base 12, what is 58a9 - -9?
58b6
In base 5, what is -213334 - 14?
-213403
In base 16, what is -1a537 + 2?
-1a535
In base 14, what is 59 - -18d?
208
In base 10, what is 853 + -85?
768
In base 4, what is 10032 + -10322?
-230
In base 13, what is -5c - -15ac?
1550
In base 11, what is -16 + 10772?
10757
In base 2, what is -11 - 11111101110101000101?
-11111101110101001000
In base 7, what is -53342 - 3?
-53345
In base 6, what is 2 + 2221550?
2221552
In base 3, what is -1 - -212012100120?
212012100112
In base 6, what is -13542 + -50?
-14032
In base 3, what is 12122200100 - 21?
12122200002
In base 13, what is -209 + -82a?
-a36
In base 6, what is -1011 + -303?
-1314
In base 4, what is -333103 - -3?
-333100
In base 10, what is -26 + 11326?
11300
In base 16, what is -1726 + b?
-171b
In base 15, what is -1243 + -49?
-128c
In base 2, what is 11 + 1101111101111101001?
1101111101111101100
In base 16, what is -1 - -58c7?
58c6
In base 13, what is 0 - -1415c?
1415c
In base 3, what is -22112 + 10122?
-11220
In base 15, what is -2e5a - -96?
-2db4
In base 7, what is 1 + -3346463?
-3346462
In base 16, what is 0 + 18431?
18431
In base 5, what is -3 + -10311300?
-10311303
In base 3, what is -1022000221000 - 1?
-1022000221001
In base 11, what is -47 + -8a6?
-942
In base 10, what is -121498 - -2?
-121496
In base 3, what is 12 + -1020111?
-1020022
In base 14, what is -35681 - 5?
-35686
In base 9, what is -520106 - 1?
-520107
In base 13, what is b92 + -965?
22a
In base 12, what is 4 - 21192?
-2118a
In base 5, what is 24 - 40214?
-40140
In base 15, what is 4 + -aa79?
-aa75
In base 6, what is -12241211 + -4?
-12241215
In base 9, what is 170 + -528?
-348
In base 3, what is -1102201010121 + -2?
-1102201010200
In base 7, what is -356 - 166643?
-200332
In base 12, what is 3a7 - -3a03?
41aa
In base 11, what is -146 - -1837?
16a1
In base 15, what is 9 - 1336a?
-13361
In base 16, what is 154a1 + 2?
154a3
In base 5, what is -2343 + 334?
-2004
In base 11, what is -29370 - -2?
-29369
In base 12, what is -5 + -18539?
-18542
In base 15, what is 20 - -d85?
da5
In base 7, what is 35120 - 2051?
33036
In base 3, what is -12202210 - 111121?
-2